55*k - 1069. Calculate z(-4).
703
Let x(g) = -944*g - 134930. Give x(-143).
62
Let n(o) = 3*o**2 + 2222*o - 65376. Calculate n(-769).
-11
Let k(t) = -16*t - 95. Give k(20).
-415
Let z(s) = 76*s**2 - 275*s - 762. Determine z(-2).
92
Let m(j) = -292*j + 3395. What is m(15)?
-985
Let t(g) = -803*g - 10269. Determine t(-13).
170
Let p(w) = 35*w**2 + 3345*w - 8176. What is p(-98)?
154
Let k(g) = -470*g - 353. Give k(0).
-353
Let s(k) = -4*k**3 - 93*k**2 - 34*k - 114. Determine s(-23).
139
Let a(k) = -k**3 + 5*k**2 + 1283*k + 6160. Give a(-5).
-5
Let j(a) = -1853*a - 9594. Determine j(-5).
-329
Let h(w) = -w**3 - 2205*w**2 - 32779*w + 155493. Determine h(-2190).
3
Let w(z) = 1057*z + 19571. Determine w(-18).
545
Let w(j) = -44*j**3 + 4929*j**2 - 106*j - 684. What is w(112)?
-12
Let o(q) = -66806*q + 334012. Calculate o(5).
-18
Let v(f) = 98*f**2 - 10*f + 1. Determine v(1).
89
Let l(r) = 4*r**2 - 836*r - 970. What is l(210)?
-130
Let w(v) = -2*v**3 + 6423*v**2 - 76839*v + 621. Give w(12).
9
Let z(j) = -17*j**2 - j + 80. Calculate z(-4).
-188
Let g(r) = 155*r**2 + 197*r - 6. Calculate g(-1).
-48
Let h(g) = 43399*g - 824725. What is h(19)?
-144
Let i(x) = -2*x**3 + x**2 + 16*x + 1834. Give i(0).
1834
Let z(g) = -18482*g + 369810. What is z(20)?
170
Let w(v) = 82*v**2 - 69*v + 359. What is w(6)?
2897
Let d(x) = 1078*x + 206125. Give d(-191).
227
Let h(n) = -85*n**2 - 13084*n + 1038. Determine h(-154).
114
Let d(o) = -19*o**2 + 970*o - 12288. What is d(28)?
-24
Let g(a) = -a**3 + 43*a**2 - 387*a + 735. Calculate g(9).
6
Let z(n) = 157*n**2 - n + 422. Calculate z(0).
422
Let g(t) = -11*t**3 + 2431*t**2 - 7191*t - 653. What is g(218)?
1
Let x(n) = n**3 - 474*n**2 + 316*n + 74260. Determine x(473).
-1
Let m(b) = 157*b + 8479. Calculate m(-57).
-470
Let r(g) = g**3 - 64*g**2 + 627*g - 131. Give r(52).
25
Let r(p) = -2*p**3 - p**2 + 109*p + 361. What is r(-4)?
37
Let t(v) = -19*v**3 - 16*v**2 - 120*v - 120. Give t(-1).
3
Let j(y) = 12*y**2 - 94*y - 112. What is j(12)?
488
Let l(x) = 9*x**2 - 1814*x + 10900. Calculate l(6).
340
Let g(m) = -223*m - 34411. Calculate g(-154).
-69
Let t(g) = -371*g + 467. Determine t(1).
96
Let d(c) = -c**2 + 125*c + 2748. Give d(143).
174
Let a(p) = -783*p - 41346. Give a(-54).
936
Let f(l) = 140*l**2 + 18363*l + 436. Calculate f(-131).
-2577
Let o(t) = 587285*t - 27015106. Calculate o(46).
4
Let t(k) = k**3 + 28*k**2 - 542*k - 14408. Give t(-30).
52
Let k(c) = -c**3 + 87*c**2 - 1746*c + 2110. What is k(57)?
58
Let f(n) = 105*n**2 - 654*n - 570. What is f(7)?
-3
Let q(c) = 515*c - 109174. Determine q(212).
6
Let c(b) = -3*b**3 - 114*b**2 - 827*b + 19. What is c(-10)?
-111
Let u(m) = 14*m**2 + 16*m - 100. Give u(-3).
-22
Let b(v) = 18*v**3 + 22*v**2 - 75*v - 223. What is b(-2)?
-129
Let s(u) = -229*u + 59932. What is s(262)?
-66
Let w(k) = -8*k**2 + 4304*k + 17244. Determine w(-4).
-100
Let i(j) = -1142*j + 8129. Calculate i(7).
135
Let p(c) = 5908*c - 1057730. Calculate p(179).
-198
Let n(a) = -28*a**2 + 451*a + 97. Give n(15).
562
Let c(a) = 9825*a + 157203. Calculate c(-16).
3
Let o(n) = -n**3 - 236*n**2 + 19204*n + 22. Give o(64).
278
Let a(s) = 112*s**2 + 12943*s - 5933. Give a(-116).
-249
Let w(k) = 1189*k + 57327. Determine w(-48).
255
Let a(k) = -143*k + 2443. Determine a(13).
584
Let x(a) = -486744*a - 3407206. Determine x(-7).
2
Let w(b) = b**3 - 23*b**2 - 5*b + 410. Calculate w(10).
-940
Let u(n) = 2*n**2 - 699*n + 24760. What is u(40)?
0
Let c(i) = 3869*i + 18491. Determine c(-5).
-854
Let q(s) = 3854*s + 23060. Give q(-6).
-64
Let v(b) = -2*b**2 + 213159*b - 2. Determine v(0).
-2
Let a(i) = -i**3 + 4*i**2 + 730*i + 5054. What is a(-7)?
483
Let q(z) = -861*z**2 + 3503*z - 218. Give q(4).
18
Let u(y) = -y**3 + 11*y**2 + 42*y - 34. Calculate u(13).
174
Let m(q) = -83*q + 9914. Give m(131).
-959
Let k(r) = 2*r**3 - 43*r**2 - 270*r + 6015. Calculate k(21).
-96
Let s(v) = 4*v**3 + 3*v**2 - 1865*v - 3759. Calculate s(-2).
-49
Let y(w) = -13*w**2 + 18*w + 129. Determine y(-4).
-151
Let t(x) = 150*x + 2294. Give t(-14).
194
Let i(a) = 20*a**2 - 241*a - 3369. Calculate i(20).
-189
Let h(o) = -77725*o - 388633. Calculate h(-5).
-8
Let m(w) = -70967*w + 24696500. Determine m(348).
-16
Let p(r) = -r**3 + 26*r**2 + 3632*r + 3221. Give p(75).
-4
Let z(c) = -2*c**3 - 539*c**2 - 657*c + 181027. What is z(-267)?
1
Let f(o) = -o**3 - 28*o**2 + 24*o + 1460. What is f(-26)?
-516
Let v(f) = f**3 + 6*f**2 - 163*f - 357. Determine v(-18).
-1311
Let j(i) = i**2 - 266*i + 15448. Calculate j(87).
-125
Let i(f) = -681*f**2 + 1003109*f + 5891. Calculate i(1473).
-1
Let a(o) = o**3 + 35*o**2 - 264*o - 9245. Determine a(-35).
-5
Let i(s) = 7*s**2 - 48*s + 164. Calculate i(5).
99
Let l(n) = -54*n**3 - n**2 - 15475*n - 15475. What is l(-1)?
53
Let y(t) = -t**2 + 3868*t - 80819. What is y(21)?
-32
Let u(x) = -58763*x + 234984. Give u(4).
-68
Let a(j) = -13*j**2 - 1480*j + 677. Give a(-116).
-2571
Let z(x) = 211*x**2 + 46834*x - 1872. Calculate z(-222).
-96
Let u(w) = 8*w**2 + 22246*w + 221661. What is u(-10)?
1
Let i(j) = 88*j - 38434. Give i(437).
22
Let n(m) = m**3 + 38*m**2 - 546*m - 25. Calculate n(-49).
318
Let k(a) = 4*a**3 - 373*a**2 + 7000*a - 100. What is k(26)?
56
Let f(h) = 7*h**3 - 33*h**2 + 4494*h - 22504. What is f(5)?
16
Let n(v) = v**3 + 102*v**2 - 350*v - 3658. Calculate n(-105).
17
Let o(q) = 15804*q - 47066. Calculate o(3).
346
Let c(t) = 3*t**2 - 666*t - 20621. Determine c(-30).
2059
Let x(j) = j**2 - 6018*j - 1365913. Give x(-219).
-10
Let o(p) = 16471*p - 98933. Determine o(6).
-107
Let u(d) = 6*d + 2164. Calculate u(-361).
-2
Let a(s) = s**3 + 544*s**2 - 52042*s - 627. Determine a(-627).
0
Let w(y) = 2*y**2 + 304*y + 11398. Calculate w(-72).
-122
Let b(l) = -7*l**3 - 10*l**2 - 81*l - 350. Determine b(-4).
262
Let y(s) = -73*s**3 + 2196*s**2 - 179*s - 35. Determine y(30).
-5
Let b(u) = -291*u**2 - 6669*u - 16. What is b(-23)?
-568
Let a(g) = -6*g**3 + 2*g**2 - 6*g - 176. Calculate a(-3).
22
Let g(q) = q**2 + 992*q + 203579. Calculate g(-290).
-1
Let a(q) = 2*q**2 + 380*q - 19107. Give a(41).
-165
Let l(p) = p**3 - 944*p**2 + 22084*p - 3689. Calculate l(920).
-9
Let j(y) = -5068*y - 111483. Determine j(-22).
13
Let l(w) = 2840*w + 76766. What is l(-27)?
86
Let z(i) = 2*i**2 - 931*i - 74845. Calculate z(-70).
125
Let q(m) = 7*m**2 - 699*m - 448. Give q(100).
-348
Let y(f) = 22341*f - 893650. Give y(40).
-10
Let b(q) = q**3 - 19*q**2 - 23646*q + 472667. Calculate b(20).
147
Let t(v) = 664*v**2 - 12615*v + 50. Calculate t(19).
69
Let k(v) = -12*v**2 - 492*v + 4123. What is k(-48)?
91
Let i(d) = d**3 + 39*d**2 - 59*d - 2555. Determine i(-40).
-1795
Let n(u) = 7*u**2 - 919*u - 1006. Determine n(132).
-346
Let j(c) = -4*c**3 - 1449*c**2 + 1098*c + 3259. Determine j(-363).
-8
Let z(v) = -132113*v + 396317. Determine z(3).
-22
Let x(b) = 4*b**3 - 53*b**2 + 3*b - 77. Give x(7).
-1281
Let j(z) = -482519*z - 2895155. Give j(-6).
-41
Let z(j) = -2276*j + 311782. Calculate z(137).
-30
Let u(v) = 1465*v + 286565. What is u(-196)?
-575
Let o(t) = 167*t + 2718. Calculate o(-15).
213
Let h(l) = 59*l**2 + 324*l + 3536. Give h(-11).
7111
Let l(u) = -200282*u. Determine l(0).
0
Let l(u) = 2*u**2 - 124*u + 672. Give l(63).
798
Let z(u) = -u**3 - 73*u**2 - 664*u - 2164. Determine z(-63).
-22
Let b(l) = -2253*l + 4074. What is b(4)?
-4938
Let r(t) = 12045*t - 686391. What is r(57)?
174
Let c(z) = 4*z**2 - 545*z - 6372. Calculate c(147).
-51
Let x(n) = -982*n + 239180. Determine x(243).
554
Let t(x) = 1830*x + 34396. Give t(-18).
1456
Let l(p) = -940*p**2 - 19778*p - 18. Calculate l(-21).
780
Let l(o) = 5608030*o - 5608026. What is l(1)?
4
Let g(p) = 14*p**2 - 775*p - 22460. Determine g(-21).
-11
Let v(h) = 30*h**3 + 57*h**2 - 85*h - 2. Give v(2).
296
Let x(z) = -z**3 - 485*z**2 - 14910*z + 161. Give x(-33).
-37
Let n(h) = -13*h**2 - 633*h - 7784. What is n(-22)?
-150
Let j(h) = -h**3 - 5*h**2 + 98371*h + 491840. Give j(-5).
-15
Let p(i) = -i**3 + 6*i**2 + 61*i + 226. Give p(-5).
196
Let n(d) = -3*d**3 + 8*d**2 + 21*d - 20. Calculate n(-3).
70
Let m(c) = c**3 - 102*c**2 + 1066*c + 26663. Give m(86).
3
Let l(i) = 8131*i + 12928310. What is l(-1590)?
20
Let x(u) = -u**3 + 21*u**2 + 143*u + 1045. What is x(-8)?
1757
Let n(w) = -w**3 - 30*w**2 + 17998*w